r of c and q?
39
Let a(y) be the first derivative of y**2 - 2*y - 8. Let j be a(4). Calculate the highest common factor of j and 42.
6
Let j be 66/8 - 1/4. Let c = 2223 - 2207. What is the highest common factor of c and j?
8
Let l be (-1232)/484*33/(-6). Let j(d) = d**3 + 3*d**2 + 2*d - 4. Let x be j(3). What is the highest common divisor of l and x?
14
Let z(v) = 8*v**2 - 12*v + 43. Let g be z(4). Calculate the greatest common factor of 3 and g.
3
Suppose -2*p = 4, 4*v - 3*p = 5*v - 15. Calculate the highest common factor of 21 and v.
21
Suppose 5*n - 135 = -4*v, 49*n - 44*n - 5*v = 135. What is the greatest common divisor of n and 261?
9
Let j be (119/(-68))/(1/(-40))*3. Calculate the greatest common factor of j and 168.
42
Suppose -2*v + 145 = 5*o, 0 = 2*v + 2*o - 164 + 16. Let g(n) = 5*n + 2*n + 3*n**2 + 3 - 2*n. Let a be g(-3). What is the highest common factor of a and v?
15
Let y = -66 - -90. Suppose 0 = -s + 4*t, -3*s + 2*t = -5*s. Suppose s = -5*i + 3*l - 8 + 65, -3*l = -4*i + 45. Calculate the highest common divisor of y and i.
12
Let d(b) = 9*b**2 - 3*b - 69. Let y(n) = -4*n**2 + n + 34. Let t(k) = -3*d(k) - 7*y(k). Let x be t(7). Calculate the highest common divisor of x and 48.
16
Suppose -21 = -3*w + 3*h, -w - h - 3*h + 7 = 0. What is the highest common divisor of 77 and w?
7
Suppose 4*z - 6 = 30. Let x be (-3)/z + 43/3. What is the highest common divisor of x and 28?
14
Let z(p) = 16*p**2 - 11*p + 2. Let t be z(-2). Calculate the highest common factor of t and 24.
8
Let c be 5/((-5)/(-2)) - 4*-3. What is the greatest common divisor of 294 and c?
14
Suppose p = 3*p - 12. Let b be 7/(84/80)*72/10. Calculate the highest common factor of b and p.
6
Let p be 24/(-132) + (-24)/(-11). Suppose 4*u - 484 = -4*g, -2*u = 5*g + p*u - 610. What is the greatest common divisor of 7 and g?
7
Let g(d) = 2*d**2 - 20*d - 182. Let u be g(-6). Calculate the highest common divisor of u and 125.
5
Let y be 1/(-2)*2 + 1. Let v(i) = -i**3 + 8*i + 4*i**2 + y*i**3 - i - 5 - 3*i. Let o be v(4). What is the greatest common divisor of 1 and o?
1
Let h(o) = -41*o + 2. Let f be h(-5). Suppose -b = 4 - 27. Calculate the highest common divisor of b and f.
23
Suppose 0 = -51*d + 61*d - 2250. Let w = -48 + 73. What is the greatest common divisor of d and w?
25
Let r = 412 - 399. What is the highest common divisor of r and 741?
13
Suppose 5*d = -3*u + 2521, 6*u - 494 = -d + 2*u. What is the greatest common divisor of d and 22?
22
Suppose -2*d - 15 + 111 = 0. What is the greatest common factor of d and 2?
2
Let s(k) = 7*k. Let c be s(3). Suppose -3*x + 15 = 3*b, -11*b + 10*b - 4*x = -2. What is the highest common factor of b and c?
3
Let n = 13 - 11. Suppose -n*j + 31 = -3*m - 16, -j - 4*m = 4. Suppose -p + 38 = -j. Calculate the greatest common factor of p and 6.
6
Let s be (-432)/(-20)*65/2. Suppose l = 2*n + 139, 5*l - 2*n - s = n. Suppose 605 = 4*r + l. What is the highest common divisor of 29 and r?
29
Let x(r) = -r**2 - 2*r + 1. Let y be x(-3). Let k be 1 + 2 - (-3 - y). Let t be (78/(12/k))/1. Calculate the greatest common factor of 130 and t.
26
Let k = 1237 - 1192. Calculate the greatest common factor of 240 and k.
15
Let n be 14 - (1 + 1/1). Let i be 0/6 + 4/2. Suppose -5*a + 22 = -2*z, -i*a + 0*z - 2*z = -6. What is the greatest common factor of a and n?
4
Suppose 798 + 7 = 23*j. Let p = 796 - 516. What is the greatest common divisor of j and p?
35
Suppose o - q = 729, 2*o + 27*q - 31*q = 1464. What is the highest common divisor of 66 and o?
66
Suppose -t + 384 = 5*b, 0*b - 2*b = -t + 349. Let s be -8 - t - (-1 + 1). Let p = -215 - s. Calculate the highest common divisor of p and 19.
19
Let w be 45 - 0 - (-3 + 2)*1. Let i = -39 + w. What is the highest common factor of 56 and i?
7
Let i(m) = -m**2 - 18*m - 29. Let w be i(-16). Let d(b) = 15*b**2 - 3*b + 2. Let k be d(w). What is the highest common factor of 32 and k?
32
Let j be ((-2)/(-4))/((-3)/(-2 - 172)). Let c = 31 - j. What is the highest common divisor of c and 8?
2
Let c be ((-8)/6 - 1/(-1))*0. Let k be c + (-8 - -5) - -29. Calculate the greatest common divisor of 13 and k.
13
Let f(o) = -o**2 - 18*o - 27. Let i be f(-16). Let q be (-2 - (-4)/3)*-3. Let w be q - 4 - (-55 - 2). What is the greatest common divisor of i and w?
5
Let f = 169 + -301. Let s = 188 + f. Calculate the greatest common factor of 448 and s.
56
Suppose -92 = -5*h + 2*t, 5*h + 3*t + 0*t - 87 = 0. What is the highest common divisor of 27 and h?
9
Let i be -3 + 74*2/4. Let f(d) = -4 - 4*d - 15*d + 2. Let z be f(-1). Calculate the highest common divisor of i and z.
17
Let n(c) = -c**3 + 4*c**2 + 9*c - 11. Suppose 2*u - 1 = -3*b, 5*u = -7*b + 4*b + 16. Let p be n(u). Calculate the greatest common factor of p and 3.
3
Suppose h + 3 - 54 = 0. What is the highest common divisor of h and 187?
17
Suppose 3*m = 2*a - 212, -8*a - 120 = -9*a - 2*m. Calculate the highest common divisor of 280 and a.
56
Let i(s) = s**3 + 15*s**2 - 34*s + 23. Let d be i(-17). Let m = d + -18. Calculate the highest common factor of m and 5.
5
Suppose -2*d = -3*d + 1. Let c = -89 - -105. Let i = d + c. Calculate the highest common factor of 17 and i.
17
Let m(v) = v**2 + 12*v + 128. Let i be m(-24). Calculate the highest common divisor of 156 and i.
52
Suppose -6*g + 4*g - 6 = 0. Let q be g/(-3*1/11). Let d be 131/6 + (-3)/(-18). Calculate the greatest common factor of d and q.
11
Suppose 12*t = 100 + 104. Calculate the highest common divisor of 17 and t.
17
Let h = 1206 + -1071. Let k be (9/2)/((-1)/(-6)). What is the highest common factor of k and h?
27
Let z be (0 - (3 - -3))*(-3 - 1). Let y(u) = u + 20. Let p be y(-8). What is the highest common divisor of p and z?
12
Let x be (10/15)/((-1)/3). Let c be (-333)/(-6) + (-1)/x. Suppose 4*m + 1 = 561. Calculate the greatest common factor of c and m.
28
Let d be ((-42)/10)/(17/85). Let x be (44/33)/((-2)/d). Calculate the greatest common divisor of 14 and x.
14
Let s(u) = u**3 - 8*u**2 - 16*u - 26. Let z be s(11). What is the highest common factor of 69 and z?
23
Suppose 26*s + 63 = 35*s. What is the highest common divisor of s and 91?
7
Suppose -5*d - 3*w = -432, -9 = -2*w - 1. Suppose -5*g + d = -46. What is the highest common factor of 39 and g?
13
Suppose -49*m + 35*m + 756 = 0. What is the highest common divisor of 27 and m?
27
Suppose -2*w + 3*o + 69 - 12 = 0, 159 = 5*w - 2*o. What is the greatest common factor of 11 and w?
11
Let g(f) = 7*f + 22. Let h be g(2). Suppose b + 9 = -0*b. Let p be (-162)/4*12/b. Calculate the highest common divisor of h and p.
18
Suppose 126 = 10*n - 44. Let o(w) = 4*w**3 - 4*w**2 + 3*w - 3. Let v be o(4). Suppose -5*z + 881 = v. What is the greatest common factor of n and z?
17
Let h(m) = -m**3 - 22*m**2 + 26*m + 103. Let l be h(-23). Calculate the greatest common factor of l and 459.
17
Suppose 2*p + 1 = 7. Suppose -k - p = -8. Suppose 0*u + k*u = 440. What is the highest common factor of u and 11?
11
Let f(k) = -9*k**2 - 33*k + 21. Let u(p) = 13*p**2 + 50*p - 32. Let o(t) = -7*f(t) - 5*u(t). Let s be o(-9). Calculate the highest common divisor of 2 and s.
2
Let r = -133 - -341. Let p = r - -243. Calculate the greatest common divisor of p and 41.
41
Let j = 818 + -514. What is the highest common factor of 16 and j?
16
Let a be (-12)/8*(-16)/6. Suppose -5*l + 50 = 5*b, 2*b - 6 = -b. What is the highest common divisor of a and l?
4
Let a(c) = 129*c**2 + 4*c - 3. Let o be a(2). Suppose -3*x - 668 = -5*t, 2*x - 4*x - 477 = 3*t. Let g = o + x. What is the greatest common factor of 29 and g?
29
Let n be (-36 - 0/1)*8/(-12). Let t = -67 - -163. Calculate the highest common divisor of t and n.
24
Let t be 43 - (-20)/5 - (6 + -7). Calculate the highest common factor of t and 1.
1
Let y(d) = d**3 - 12*d**2 + 4*d - 7. Let o be y(14). Calculate the greatest common factor of 49 and o.
49
Let m = 370 - 355. Calculate the highest common divisor of 20 and m.
5
Suppose 3*k + k + 1 = u, -u + 2*k - 5 = 0. Let n = u - -12. Let p be -1 + n + 0 + 81. Calculate the highest common divisor of 9 and p.
9
Suppose 0 = 5*q - 7*q + 304. Suppose 0*j - 4*j = -q. What is the highest common factor of j and 304?
38
Let x(j) = 6*j - 36. Let y be x(8). Let m be (-7 + (-114)/y)*16/(-6). Calculate the highest